2*y. Let d be z(-2). Let i be (-30 - d)*(-1)/2. What is the greatest common factor of 119 and i?
17
Let i(y) = y**3 - 12*y**2 + 3*y + 4. Let o be i(12). Let r be 6/1 - (-3 + 1). Calculate the highest common divisor of r and o.
8
Let m(k) = -3*k + 16. Let r be m(2). What is the greatest common factor of 40 and r?
10
Let g(d) = 6*d - 46. Let m be g(9). Let l(s) = -12*s. Let p be l(-6). What is the greatest common factor of p and m?
8
Let a(i) = 69*i**2 - i - 1. Suppose r + 7 - 6 = 0. Let n be a(r). What is the highest common factor of n and 23?
23
Let j = -1 + 19. Let f be (-4)/14 + (-662)/(-14). Suppose -f = -4*x + 133. Calculate the highest common divisor of j and x.
9
Let v = -3 + 6. Let a(d) be the second derivative of d**4/6 - 2*d**3/3 - d**2/2 - d. Let q be a(v). Calculate the highest common divisor of q and 45.
5
Let m be 22*(3/(-1))/(-6). What is the greatest common factor of m and 1?
1
Let n(c) = 5*c - 8. Let i be n(5). Calculate the greatest common factor of 85 and i.
17
Let j be (-1)/3 - 5590/(-39). Calculate the greatest common factor of j and 13.
13
Let y = -142 + 350. Suppose -4*t + p + y = 3*p, -2*t = -5*p - 92. What is the greatest common divisor of t and 17?
17
Suppose 0 = -3*p - 2*p + 95. Let q = p + -13. Let b(m) = m**2 - 5*m + 6. Let c be b(q). Calculate the highest common divisor of 12 and c.
12
Let f(t) = t**2 - 4*t + 5. Let g be f(2). Let o be (-268)/(-34) + 6/51. Calculate the greatest common divisor of g and o.
1
Let y = 33 - 21. What is the greatest common factor of 48 and y?
12
Let y = -12 - -24. Suppose 4*a = 5*r + 6, r - 6 - y = -4*a. Suppose -q = 5*f - 221, -r*q - 2*q = f - 865. Calculate the greatest common factor of 24 and q.
24
Let w(x) = -2*x**3 + x**2 - 4*x - 6. Let j be w(-4). What is the highest common divisor of j and 14?
14
Suppose -4*v + 3*h = -2*v - 14, 5*h = -4*v + 6. Let j(k) = k + v - 2*k + 7 + 1. Let p be j(8). What is the greatest common divisor of 10 and p?
2
Let b = -4 - -6. Let t = b - 2. Let w be 6 + -2 - (t - 0). Calculate the highest common divisor of 4 and w.
4
Let m(l) = -43*l + 1. Let i be m(-3). Suppose a - 21 = 10. Let j = 44 - a. What is the greatest common factor of i and j?
13
Let q(l) = -l**2 + 4*l - 1. Let m be q(3). Suppose 6 = -m*s + 46. Calculate the greatest common factor of 4 and s.
4
Let n be (-7 - -3) + 2*9. What is the greatest common factor of n and 7?
7
Let m = -15 - -11. Let b = m - -9. Calculate the greatest common divisor of b and 50.
5
Let n be 6/12 - (-394)/4. What is the greatest common divisor of n and 11?
11
Let s(v) = -39*v - 3. Let h be s(-2). Let c be h - (-3 - -2)*-1. Suppose 0 = d + d + 4*m - c, 159 = 5*d - 3*m. Calculate the greatest common factor of d and 22.
11
Let g = 53 + -33. Calculate the highest common factor of 80 and g.
20
Suppose 0 = 4*t - h + 64, h = t + 2*h + 16. Let q be (0 - t) + (-12)/6. Calculate the greatest common divisor of q and 14.
14
Let k(x) = 15*x**2 + 4*x - 3. Let q be k(3). Suppose -4*m + 240 = -m. Suppose 4*j - m = -j. What is the highest common divisor of j and q?
16
Suppose 2*l + 0*l - 162 = 0. Let d(w) = w**3 - 5*w**2 + 2*w + 6. Let b be d(6). Calculate the greatest common divisor of b and l.
27
Suppose -b - 3*u = -2*b + 62, 4*b = -4*u + 312. Suppose b = 3*q - 4. Calculate the greatest common factor of 286 and q.
26
Suppose v + 44 = 5*v. Calculate the greatest common divisor of v and 11.
11
Let g(c) = 3*c + 2. Let v be g(2). Suppose 2*n + 2*n - 4 = 0. Suppose 0 = -i + n + v. What is the greatest common divisor of 9 and i?
9
Let k = -39 - -102. What is the greatest common factor of 9 and k?
9
Let a(s) = -7*s + 61. Let q be a(7). What is the greatest common factor of 4 and q?
4
Let y be 0/3 + 14 + 2. Calculate the greatest common factor of y and 80.
16
Let i(j) = 4*j + 8. Let y be i(4). Let l(u) = -30*u. Let f be l(-2). Calculate the highest common factor of y and f.
12
Let p = 6 - 4. Suppose 4*d - 5*q = -0*q + 2515, -5*q + 3155 = 5*d. Suppose -d = -p*s - 3*s. What is the highest common factor of 18 and s?
18
Suppose 0*n + 5*n - 10 = 0. Let o(j) be the first derivative of -j**3/3 - 3*j**2 + 2*j + 2. Let p be o(-6). What is the greatest common divisor of n and p?
2
Let j be 1 + 2 + (-1 - -2). Suppose 0*o - 2*o + j = 0. Suppose o*i = 3 + 13. Calculate the highest common factor of i and 64.
8
Let n(f) = f - 3. Let r be n(7). What is the greatest common factor of r and 4?
4
Suppose -2*w - 3*w + 45 = 0. What is the highest common divisor of w and 27?
9
Let n be (-1)/((-2)/1 + 3 - 2). Calculate the highest common divisor of 2 and n.
1
Let m = 0 - -4. Let f = -292 + 293. What is the greatest common factor of m and f?
1
Let j be (-6)/3*3/(-6). Let i(d) be the first derivative of d**3/3 - d**2 - 3*d - 2. Let y be i(-2). What is the highest common divisor of y and j?
1
Let l be (-3)/6 - (-484)/8. Calculate the greatest common divisor of l and 90.
30
Let h be ((-6)/4)/((-6)/288). Calculate the highest common factor of h and 24.
24
Let b be (42/(-8))/(4/(-16)). Suppose -5*q + 53 = -i - b, -4*i + 79 = 5*q. Calculate the greatest common divisor of q and 30.
15
Suppose -4*y + 2*y + 4 = 0. Suppose -y*c + 144 = 2*c. Calculate the greatest common factor of 9 and c.
9
Let y be ((-6)/(-18))/(1/(-9)). Let c(u) = 3*u**2 + 2*u - 4. Let w be c(y). Calculate the highest common factor of 17 and w.
17
Let y(w) = 3*w**2 + w - 4. Let q be y(-3). What is the highest common divisor of 5 and q?
5
Let i = 28 + 5. Suppose -1 = -k + 3. Suppose 5*j - 2*f - 11 - k = 0, -12 = -4*j - 2*f. Calculate the highest common divisor of i and j.
3
Let h = -198 + 218. What is the highest common divisor of h and 140?
20
Suppose 5*i - 12 - 98 = 0. Let c(m) = 2*m**2 - 2*m - 1. Let o be c(-2). What is the greatest common factor of i and o?
11
Suppose 3*c = 12, -4 = -3*k - k - 5*c. Let p be (2/6)/(k/(-264)). Suppose -22 = 2*u - 4*u. Calculate the highest common divisor of u and p.
11
Let j be 117/1 + (-7)/((-21)/6). Let d(g) = 2*g + 7. Let y be d(5). What is the greatest common divisor of j and y?
17
Suppose -4*l - 3 = -3*p + 3, -6 = -3*p + 2*l. What is the greatest common factor of p and 14?
2
Let g = 13 - 9. Let z be (-3 - -1)*(-6)/g. What is the highest common divisor of z and 15?
3
Suppose 2*o + f = 5, -5*o - 4*f + 7*f = -7. Let r be (-5)/(-70)*4 - 40/(-7). Calculate the highest common divisor of o and r.
2
Suppose c - 7 = i, 3*i - 6*i - 11 = -2*c. Calculate the highest common divisor of c and 4.
2
Suppose -2*x + 1 = 7, -l = 5*x - 84. What is the greatest common divisor of 11 and l?
11
Suppose -w + 114 = -4*w. Let d = 56 + w. Calculate the greatest common factor of 6 and d.
6
Let p = -18 + 14. Let l = 10 + p. Suppose -i = -10 - 56. What is the highest common factor of i and l?
6
Let q = 1 - -17. Calculate the highest common factor of 36 and q.
18
Let u be (0 - 2)*6/(-4). Suppose 3*h + u*a - 26 = h, -3*a = 4*h - 52. Calculate the greatest common factor of 13 and h.
13
Let l = -20 + 38. What is the highest common divisor of l and 12?
6
Let a = 5 - 3. Let m(w) = -4*w + 4. Let f(u) = -4*u + 5. Let p(g) = a*f(g) - 3*m(g). Let h be p(2). What is the highest common factor of h and 54?
6
Let m be (2/(-4))/(-1)*0. Suppose r = -m*r. Suppose -l + 26 + 7 = r. What is the greatest common factor of l and 22?
11
Let t = -61 - -88. Suppose 2*p - 18 = 4*d + 38, p - t = 3*d. Calculate the highest common divisor of p and 20.
10
Let l = 7 + -2. Suppose b + 3*s - s = 18, -b - l*s + 3 = 0. What is the greatest common factor of 14 and b?
14
Let l be 2/(2*(-1)/20). Let c be 15/2*l/(-3). Suppose 8*a = 3*a + c. Calculate the greatest common divisor of 110 and a.
10
Let q = 188 - -152. Calculate the greatest common factor of q and 20.
20
Let l = -93 - -153. Calculate the greatest common divisor of l and 24.
12
Let x = 22 + 20. Calculate the highest common divisor of x and 6.
6
Let y be 2/(2/220*4). Let h be (-2)/1*22/(-4). What is the greatest common factor of y and h?
11
Let o be 6/(-21) + (-88)/(-14). Suppose 3*p = j + 4*p - 8, 0 = -j + 3*p + 12. What is the highest common factor of j and o?
3
Let v(r) = r**2 - 2*r + 2. Let s be v(6). Calculate the highest common divisor of s and 65.
13
Let w be 1/2 - 496/(-32). Calculate the greatest common factor of 64 and w.
16
Let f = 25 - 15. Calculate the greates